33 a prime number?
True
Is 3081739 a prime number?
False
Is 76395481 a composite number?
True
Is 61621783 prime?
False
Is 8982821 prime?
True
Is 30441737 a composite number?
False
Is 131145409 a prime number?
True
Is 181315 composite?
True
Is 1289319 composite?
True
Is 162894685 a prime number?
False
Is 14973603 a composite number?
True
Is 137849 a composite number?
False
Is 1207807 prime?
False
Is 57053153 a composite number?
True
Is 39532013 a composite number?
False
Is 683407249 a composite number?
True
Is 12928103 composite?
False
Is 30179509 composite?
False
Is 8521647 prime?
False
Is 43491013 a prime number?
True
Is 154519 prime?
False
Is 6825569 prime?
True
Is 6164917 a prime number?
False
Is 123690439 composite?
False
Is 410889 prime?
False
Is 1183333 prime?
True
Is 147884393 composite?
False
Is 10400743 composite?
False
Is 429694138 a composite number?
True
Is 3363833 a prime number?
False
Is 10316233 a composite number?
False
Is 1565309 a composite number?
True
Is 26055149 a prime number?
True
Is 1269897 prime?
False
Is 615104189 composite?
True
Is 139881277 composite?
False
Is 16782551 prime?
True
Is 485357 composite?
True
Is 35969 prime?
True
Is 16046229 a prime number?
False
Is 21248473 composite?
False
Is 564521161 composite?
False
Is 300447905 prime?
False
Is 3035407 composite?
False
Is 113843 prime?
True
Is 5333897 a prime number?
True
Is 1000669529 prime?
True
Is 9971081 a composite number?
True
Is 62350399 composite?
True
Is 21538379 prime?
True
Is 21000293 a composite number?
False
Is 2094203 prime?
True
Is 10656301 a composite number?
False
Is 27106219 composite?
True
Is 15189995 prime?
False
Is 225823111 prime?
True
Is 5822467 composite?
True
Is 6603007 composite?
False
Is 23437831 composite?
False
Is 73701503 a prime number?
True
Is 5007502 composite?
True
Is 282836207 composite?
False
Is 11340377 composite?
True
Is 6567341 a composite number?
True
Is 338707 composite?
False
Is 1327561 a prime number?
True
Is 37380181 composite?
True
Is 249211461 a composite number?
True
Is 9026099 a prime number?
False
Is 580163 prime?
True
Is 10459195 a composite number?
True
Is 12412831 a prime number?
False
Is 26088827 prime?
True
Is 19307693 composite?
False
Is 2524523 a prime number?
False
Is 60734 prime?
False
Is 29277506 prime?
False
Is 3584069 composite?
False
Is 132284353 prime?
False
Is 7050227 a composite number?
False
Is 157201741 composite?
False
Is 315929 a composite number?
True
Is 4073609 composite?
False
Is 1177439 prime?
False
Is 1733551 a composite number?
True
Is 2638747 a composite number?
False
Is 19492399 prime?
True
Is 21690107 composite?
True
Is 204504197 prime?
True
Is 492619279 a composite number?
False
Is 13755298 a prime number?
False
Is 5441899 a composite number?
False
Is 23228111 a composite number?
False
Is 15120761 a prime number?
False
Is 19278335 a prime number?
False
Is 198295415 prime?
False
Is 48195661 a composite number?
False
Is 10825217 composite?
True
Is 1097467 a composite number?
True
Is 11956141 a composite number?
True
Is 1033003 prime?
False
Is 113977 a prime number?
False
Is 122396353 a composite number?
False
Is 46465099 composite?
True
Is 2580982 a composite number?
True
Is 104387155 a composite number?
True
Is 22218883 prime?
False
Is 6329981 a composite number?
True
Is 8646667 a composite number?
False
Is 4636111 a composite number?
False
Is 57394979 a prime number?
False
Is 8437981 composite?
True
Is 41435971 composite?
True
Is 4741207 a composite number?
False
Is 692395415 composite?
True
Is 25663073 composite?
False
Is 29400317 a composite number?
False
Is 454351 prime?
True
Is 449341 a prime number?
False
Is 72809 a prime number?
False
Is 17294773 prime?
False
Is 12839213 composite?
False
Is 201338933 prime?
True
Is 2721919 composite?
True
Is 5157881 a composite number?
True
Is 4220005 composite?
True
Is 1299583 prime?
True
Is 39307 prime?
False
Is 60515809 a prime number?
False
Is 1214035 composite?
True
Is 142845071 a composite number?
False
Is 150931493 prime?
True
Is 28676471 composite?
False
Is 7660883 prime?
True
Is 115956743 a composite number?
True
Is 314016107 a prime number?
True
Is 75666079 composite?
False
Is 280921519 a composite number?
False
Is 9584989 a prime number?
False
Is 287869037 a prime number?
True
Is 65167 a composite number?
False
Is 922601 a prime number?
True
Is 2866789 composite?
True
Is 164849059 a prime number?
True
Is 17693257 prime?
True
Is 10772737 a prime number?
True
Is 16418663 prime?
False
Is 3189727 composite?
True
Is 2968819 a prime number?
False
Is 7076501 a composite number?
False
Is 3379577 prime?
False
Is 48003617 composite?
False
Is 238265399 a prime number?
False
Is 1526325587 composite?
False
Is 947581 prime?
False
Is 1719755 a composite number?
True
Is 1581103 a composite number?
True
Is 2098277 a composite number?
False
Is 270381 prime?
False
Is 1630891 prime?
True
Is 50161799 a composite number?
False
Is 43991891 prime?
True
Is 361962259 prime?
False
Is 13915541 a prime number?
True
Is 6004093 a prime number?
True
Is 1890563 composite?
True
Is 38711693 prime?
True
Is 10370339 a composite number?
True
Is 667705 composite?
True
Is 36349697 composite?
False
Is 34861943 a composite number?
False
Is 967493 prime?
True
Is 13933295 prime?
False
Is 14892589 prime?
False
Is 35805829 composite?
False
Is 38088097 a composite number?
False
Is 6439819 prime?
True
Is 8349787 composite?
False
Is 57518353 a composite number?
False
Is 740353 a composite number?
True
Is 2383393 a prime number?
True
Is 13199289 prime?
False
Is 4118309 a prime number?
False
Is 134089507 a prime number?
True
Is 40858001 a prime number?
False
Is 140110197 prime?
False
Is 1510277 a prime number?
False
Is 52043507 a composite number?
True
Is 64467373 a composite number?
False
Is 191151299 composite?
False
Is 70587193 composite?
False
Is 1100051 a prime number?
True
Is 19697941 prime?
True
Is 15665401 prime?
True
Is 127976119 a prime number?
False
Is 1296661 composite?
True
Is 7333294 composite?
True
Is 5429539 a prime number?
True
Is 4110247 a composite number?
False
Is 374789 prime?
True
Is 28094971 composite?
False
Is 318211085 prime?
False
Is 39132941 composite?
True
Is 48163007 a composite number?
False
Is 59909933 prime?
True
Is 1550947 a composite number?
False
Is 42412745 a composite number?
True
Is 52226063 a prime number?
False
Is 354138667 a composite number?
False
Is 17065319 prime?
True
Is 11468687 prime?
True
Is 10350203 a composite number?
False
Is 6049954 a composite number?
True
Is 13653773 a composite number?
True
Is 1345621 a composite number?
False
Is 126043987 composite?
False
Is 8533001 prime?
True
Is 6605887 a composite number?
True
Is 2572649 prime?
True
Is 104104597 a composite number?
True
Is 3953581 a prime number?
True
Is 423366397 composite?
True
Is 10911317 prime?
True
Is 34836773 a prime number?
True
Is 216204469 a composite number?
True
Is 163069441 composite?
False
Is 163912663 a composite number?
False
Is 89405593 a prime number?
True
Is 90216719 composite?
True
Is 554417 a prime number?
True
Is 2811503 a composite number?
False
Is 22115279 prime?
True
Is 3599927 a composite number?
False
Is 5663909 a prime number?
True
Is 15727 prime?
True
Is 54129397 a prime number?
False
Is 261087269 a prime number?
True
Is 23149877 a prime number?
True
Is 37445731 a prime number?
True
Is 6935891 a composite number?
False
Is 70578787 a composite number?
True
Is 994753 composite?
True
Is 342698897 a composite number?
False
Is 40915255 a prime number?
False
Is 7552829 a prime number?
True
Is 115582853 a prime number?
True
Is 47785499 a composite number?
False
Is 14813281 composite?
True
Is 13043399 a prime number?
True
Is 117012733 a prime number?
True
Is 161625331 a prime number?
False
Is 7942837 a prime number?
False
Is 3568501 composite?
False
Is 50888729 a prime number?
True
Is 16004909 a prime number?
True
Is 791773 a composite number?
False
Is 462837603 composite?
True
Is 71066249 prime?
True
Is 4197167 a composite number?
True
Is 84703973 composite?
True
Is 12459673 prime?
True
Is 152211089 composite?
False
Is 41998159 a composite number?
True
Is 35425057 a prime number?
True
Is 10751887 a composite number?
False
Is 337926943 a prime number?
Tr